[INFO] cloning repository https://github.com/osrs-moe/snowflake
[INFO] running `Command { std: "git" "-c" "credential.helper=" "-c" "credential.helper=/workspace/cargo-home/bin/git-credential-null" "clone" "--bare" "https://github.com/osrs-moe/snowflake" "/workspace/cache/git-repos/https%3A%2F%2Fgithub.com%2Fosrs-moe%2Fsnowflake", kill_on_drop: false }`
[INFO] [stderr] Cloning into bare repository '/workspace/cache/git-repos/https%3A%2F%2Fgithub.com%2Fosrs-moe%2Fsnowflake'...
[INFO] running `Command { std: "git" "rev-parse" "HEAD", kill_on_drop: false }`
[INFO] [stdout] bd07fc2651ba5c89922a7ce05f2a842fdfe2d4e2
[INFO] checking osrs-moe/snowflake against try#72f88fc4e9458f89516a0b8b0868f3718aec5b47 for pr-74989
[INFO] running `Command { std: "git" "clone" "/workspace/cache/git-repos/https%3A%2F%2Fgithub.com%2Fosrs-moe%2Fsnowflake" "/workspace/builds/worker-14/source", kill_on_drop: false }`
[INFO] [stderr] Cloning into '/workspace/builds/worker-14/source'...
[INFO] [stderr] done.
[INFO] validating manifest of git repo https://github.com/osrs-moe/snowflake on toolchain 72f88fc4e9458f89516a0b8b0868f3718aec5b47
[INFO] running `Command { std: "/workspace/cargo-home/bin/cargo" "+72f88fc4e9458f89516a0b8b0868f3718aec5b47" "read-manifest" "--manifest-path" "Cargo.toml", kill_on_drop: false }`
[INFO] started tweaking git repo https://github.com/osrs-moe/snowflake
[INFO] finished tweaking git repo https://github.com/osrs-moe/snowflake
[INFO] tweaked toml for git repo https://github.com/osrs-moe/snowflake written to /workspace/builds/worker-14/source/Cargo.toml
[INFO] crate git repo https://github.com/osrs-moe/snowflake already has a lockfile, it will not be regenerated
[INFO] running `Command { std: "/workspace/cargo-home/bin/cargo" "+72f88fc4e9458f89516a0b8b0868f3718aec5b47" "fetch" "--locked" "--manifest-path" "Cargo.toml", kill_on_drop: false }`
[INFO] [stderr]  Downloading crates ...
[INFO] [stderr]   Downloaded futures-state-stream v0.2.0
[INFO] [stderr]   Downloaded tokio-dns-unofficial v0.1.2
[INFO] [stderr]   Downloaded tokio-postgres v0.3.0
[INFO] running `Command { std: "docker" "create" "-v" "/var/lib/crater-agent-workspace/builds/worker-14/target:/opt/rustwide/target:rw,Z" "-v" "/var/lib/crater-agent-workspace/builds/worker-14/source:/opt/rustwide/workdir:ro,Z" "-v" "/var/lib/crater-agent-workspace/cargo-home:/opt/rustwide/cargo-home:ro,Z" "-v" "/var/lib/crater-agent-workspace/rustup-home:/opt/rustwide/rustup-home:ro,Z" "-e" "SOURCE_DIR=/opt/rustwide/workdir" "-e" "CARGO_TARGET_DIR=/opt/rustwide/target" "-e" "CARGO_HOME=/opt/rustwide/cargo-home" "-e" "RUSTUP_HOME=/opt/rustwide/rustup-home" "-w" "/opt/rustwide/workdir" "-m" "1610612736" "--user" "0:0" "--network" "none" "rustops/crates-build-env@sha256:d92eaeed33fa75130ca1ee6c8a01d1ffb62bac859dfdfb3450e3e5d1c0146529" "/opt/rustwide/cargo-home/bin/cargo" "+72f88fc4e9458f89516a0b8b0868f3718aec5b47" "metadata" "--no-deps" "--format-version=1", kill_on_drop: false }`
[INFO] [stderr] WARNING: Your kernel does not support swap limit capabilities or the cgroup is not mounted. Memory limited without swap.
[INFO] [stdout] 23e2862068f9d05fd0d56531ef707df2fb20fcaba870acf8a606e7aab8bfd3d0
[INFO] running `Command { std: "docker" "start" "-a" "23e2862068f9d05fd0d56531ef707df2fb20fcaba870acf8a606e7aab8bfd3d0", kill_on_drop: false }`
[INFO] running `Command { std: "docker" "inspect" "23e2862068f9d05fd0d56531ef707df2fb20fcaba870acf8a606e7aab8bfd3d0", kill_on_drop: false }`
[INFO] running `Command { std: "docker" "rm" "-f" "23e2862068f9d05fd0d56531ef707df2fb20fcaba870acf8a606e7aab8bfd3d0", kill_on_drop: false }`
[INFO] [stdout] 23e2862068f9d05fd0d56531ef707df2fb20fcaba870acf8a606e7aab8bfd3d0
[INFO] running `Command { std: "docker" "create" "-v" "/var/lib/crater-agent-workspace/builds/worker-14/target:/opt/rustwide/target:rw,Z" "-v" "/var/lib/crater-agent-workspace/builds/worker-14/source:/opt/rustwide/workdir:ro,Z" "-v" "/var/lib/crater-agent-workspace/cargo-home:/opt/rustwide/cargo-home:ro,Z" "-v" "/var/lib/crater-agent-workspace/rustup-home:/opt/rustwide/rustup-home:ro,Z" "-e" "SOURCE_DIR=/opt/rustwide/workdir" "-e" "CARGO_TARGET_DIR=/opt/rustwide/target" "-e" "CARGO_INCREMENTAL=0" "-e" "RUST_BACKTRACE=full" "-e" "RUSTFLAGS=--cap-lints=forbid" "-e" "CARGO_HOME=/opt/rustwide/cargo-home" "-e" "RUSTUP_HOME=/opt/rustwide/rustup-home" "-w" "/opt/rustwide/workdir" "-m" "1610612736" "--user" "0:0" "--network" "none" "rustops/crates-build-env@sha256:d92eaeed33fa75130ca1ee6c8a01d1ffb62bac859dfdfb3450e3e5d1c0146529" "/opt/rustwide/cargo-home/bin/cargo" "+72f88fc4e9458f89516a0b8b0868f3718aec5b47" "check" "--frozen" "--all" "--all-targets" "--message-format=json", kill_on_drop: false }`
[INFO] [stdout] 382659f2385d74004b7040ba13c39efd4b27e9fac53e528eb93773f0c572420f
[INFO] [stderr] WARNING: Your kernel does not support swap limit capabilities or the cgroup is not mounted. Memory limited without swap.
[INFO] running `Command { std: "docker" "start" "-a" "382659f2385d74004b7040ba13c39efd4b27e9fac53e528eb93773f0c572420f", kill_on_drop: false }`
[INFO] [stderr]    Compiling libc v0.2.62
[INFO] [stderr]     Checking cfg-if v0.1.10
[INFO] [stderr]    Compiling log v0.4.8
[INFO] [stderr]     Checking futures v0.1.29
[INFO] [stderr]     Checking lazy_static v1.4.0
[INFO] [stderr]    Compiling autocfg v0.1.6
[INFO] [stderr]    Compiling typenum v1.11.2
[INFO] [stderr]    Compiling rand_core v0.4.2
[INFO] [stderr]    Compiling siphasher v0.2.3
[INFO] [stderr]    Compiling getrandom v0.1.12
[INFO] [stderr]    Compiling syn v1.0.5
[INFO] [stderr]     Checking constant_time_eq v0.1.4
[INFO] [stderr]    Compiling ryu v1.0.1
[INFO] [stderr]    Compiling bitflags v1.2.0
[INFO] [stderr]     Checking mime v0.3.14
[INFO] [stderr]     Checking indexmap v1.2.0
[INFO] [stderr]     Checking urlencoding v1.0.0
[INFO] [stderr]     Checking scoped-tls v1.0.0
[INFO] [stderr]    Compiling unicase v1.4.2
[INFO] [stderr]    Compiling unicase v2.5.1
[INFO] [stderr]     Checking crossbeam-utils v0.6.6
[INFO] [stderr]     Checking c2-chacha v0.2.2
[INFO] [stderr]    Compiling proc-macro2 v1.0.5
[INFO] [stderr]    Compiling rand_core v0.3.1
[INFO] [stderr]    Compiling rand_jitter v0.1.4
[INFO] [stderr]    Compiling memoffset v0.5.1
[INFO] [stderr]    Compiling hyper v0.12.35
[INFO] [stderr]     Checking buf_redux v0.8.4
[INFO] [stderr]     Checking twoway v0.1.8
[INFO] [stderr]    Compiling rand_hc v0.1.0
[INFO] [stderr]    Compiling rand_xorshift v0.1.1
[INFO] [stderr]    Compiling rand_isaac v0.1.1
[INFO] [stderr]     Checking crossbeam-queue v0.1.2
[INFO] [stderr]    Compiling rand_pcg v0.1.2
[INFO] [stderr]    Compiling rand_chacha v0.1.1
[INFO] [stderr]    Compiling rand v0.6.5
[INFO] [stderr]    Compiling phf_shared v0.7.24
[INFO] [stderr]     Checking log v0.3.9
[INFO] [stderr]     Checking phf v0.7.24
[INFO] [stderr]    Compiling quote v1.0.2
[INFO] [stderr]    Compiling mime_guess v2.0.1
[INFO] [stderr]     Checking crossbeam-epoch v0.7.2
[INFO] [stderr]     Checking mime v0.2.6
[INFO] [stderr]     Checking iovec v0.1.4
[INFO] [stderr]     Checking num_cpus v1.10.1
[INFO] [stderr]     Checking net2 v0.2.33
[INFO] [stderr]     Checking parking_lot_core v0.6.2
[INFO] [stderr]     Checking rand_os v0.1.3
[INFO] [stderr]     Checking rand v0.4.6
[INFO] [stderr]     Checking time v0.1.42
[INFO] [stderr]     Checking memchr v1.0.2
[INFO] [stderr]     Checking crossbeam-deque v0.7.1
[INFO] [stderr]     Checking bytes v0.4.12
[INFO] [stderr]     Checking rand_core v0.5.1
[INFO] [stderr]     Checking parking_lot v0.9.0
[INFO] [stderr]     Checking mio v0.6.19
[INFO] [stderr]     Checking generic-array v0.9.0
[INFO] [stderr]     Checking generic-array v0.12.3
[INFO] [stderr]     Checking rand_chacha v0.2.1
[INFO] [stderr]     Checking http v0.1.18
[INFO] [stderr]     Checking string v0.2.1
[INFO] [stderr]     Checking input_buffer v0.2.0
[INFO] [stderr]     Checking tokio-executor v0.1.8
[INFO] [stderr]     Checking tokio-io v0.1.12
[INFO] [stderr]     Checking tokio-sync v0.1.7
[INFO] [stderr]     Checking futures-cpupool v0.1.8
[INFO] [stderr]     Checking tokio-buf v0.1.1
[INFO] [stderr]     Checking want v0.2.0
[INFO] [stderr]     Checking futures-state-stream v0.2.0
[INFO] [stderr]     Checking rand v0.7.2
[INFO] [stderr]     Checking digest v0.7.6
[INFO] [stderr]     Checking crypto-mac v0.5.2
[INFO] [stderr]     Checking tokio-threadpool v0.1.16
[INFO] [stderr]     Checking tokio-current-thread v0.1.6
[INFO] [stderr]     Checking tokio-timer v0.2.11
[INFO] [stderr]     Checking sha2 v0.7.1
[INFO] [stderr]     Checking block-buffer v0.7.3
[INFO] [stderr]     Checking digest v0.8.1
[INFO] [stderr]     Checking hmac v0.5.0
[INFO] [stderr]     Checking rand v0.3.23
[INFO] [stderr]     Checking sha-1 v0.8.1
[INFO] [stderr]     Checking postgres-protocol v0.3.2
[INFO] [stderr]     Checking tokio-codec v0.1.1
[INFO] [stderr]     Checking tokio-reactor v0.1.10
[INFO] [stderr]     Checking mio-uds v0.6.7
[INFO] [stderr]     Checking tokio-fs v0.1.6
[INFO] [stderr]     Checking postgres-shared v0.4.2
[INFO] [stderr]     Checking tokio-tcp v0.1.3
[INFO] [stderr]     Checking tokio-uds v0.2.5
[INFO] [stderr]     Checking tokio-udp v0.1.5
[INFO] [stderr]    Compiling phf_generator v0.7.24
[INFO] [stderr]    Compiling phf_codegen v0.7.24
[INFO] [stderr]     Checking tokio v0.1.22
[INFO] [stderr]    Compiling mime_guess v1.8.7
[INFO] [stderr]     Checking tempfile v3.1.0
[INFO] [stderr]     Checking tokio-core v0.1.17
[INFO] [stderr]     Checking tokio-dns-unofficial v0.1.2
[INFO] [stderr]     Checking tokio-uds v0.1.7
[INFO] [stderr]    Compiling serde_derive v1.0.101
[INFO] [stderr]     Checking http-body v0.1.0
[INFO] [stderr]     Checking h2 v0.1.26
[INFO] [stderr]     Checking headers-core v0.1.1
[INFO] [stderr]     Checking tungstenite v0.9.1
[INFO] [stderr]     Checking headers v0.2.3
[INFO] [stderr]     Checking tokio-postgres v0.3.0
[INFO] [stderr]     Checking multipart v0.16.1
[INFO] [stderr]     Checking serde v1.0.101
[INFO] [stderr]     Checking serde_urlencoded v0.6.1
[INFO] [stderr]     Checking serde_json v1.0.41
[INFO] [stderr]     Checking warp v0.1.20
[INFO] [stderr]     Checking snowflake v0.1.0 (/opt/rustwide/workdir)
[INFO] [stdout] error[E0433]: failed to resolve: use of undeclared type or module `hyper_tls`
[INFO] [stdout]   --> src/server/mod.rs:20:41
[INFO] [stdout]    |
[INFO] [stdout] 20 | fn new_https_client() -> Result<Client, hyper_tls::Error> {
[INFO] [stdout]    |                                         ^^^^^^^^^ use of undeclared type or module `hyper_tls`
[INFO] [stdout] 
[INFO] [stdout] 
[INFO] [stdout] error[E0433]: failed to resolve: use of undeclared type or module `HttpsConnector`
[INFO] [stdout]   --> src/server/mod.rs:21:25
[INFO] [stdout]    |
[INFO] [stdout] 21 |     let mut connector = HttpsConnector::new(4)?;
[INFO] [stdout]    |                         ^^^^^^^^^^^^^^ use of undeclared type or module `HttpsConnector`
[INFO] [stdout] 
[INFO] [stdout] 
[INFO] [stdout] error[E0433]: failed to resolve: use of undeclared type or module `hyper_tls`
[INFO] [stdout]   --> src/server/mod.rs:20:41
[INFO] [stdout]    |
[INFO] [stdout] 20 | fn new_https_client() -> Result<Client, hyper_tls::Error> {
[INFO] [stdout]    |                                         ^^^^^^^^^ use of undeclared type or module `hyper_tls`
[INFO] [stdout] 
[INFO] [stdout] 
[INFO] [stdout] error[E0433]: failed to resolve: use of undeclared type or module `HyperClient`
[INFO] [stdout]   --> src/server/mod.rs:23:8
[INFO] [stdout]    |
[INFO] [stdout] 23 |     Ok(HyperClient::builder().build::<_, Body>(connector))
[INFO] [stdout]    |        ^^^^^^^^^^^ use of undeclared type or module `HyperClient`
[INFO] [stdout] 
[INFO] [stdout] 
[INFO] [stdout] error[E0433]: failed to resolve: use of undeclared type or module `HttpsConnector`
[INFO] [stdout]   --> src/server/mod.rs:21:25
[INFO] [stdout]    |
[INFO] [stdout] 21 |     let mut connector = HttpsConnector::new(4)?;
[INFO] [stdout]    |                         ^^^^^^^^^^^^^^ use of undeclared type or module `HttpsConnector`
[INFO] [stdout] 
[INFO] [stdout] 
[INFO] [stdout] error[E0433]: failed to resolve: use of undeclared type or module `HyperClient`
[INFO] [stdout]   --> src/server/mod.rs:23:8
[INFO] [stdout]    |
[INFO] [stdout] 23 |     Ok(HyperClient::builder().build::<_, Body>(connector))
[INFO] [stdout]    |        ^^^^^^^^^^^ use of undeclared type or module `HyperClient`
[INFO] [stdout] 
[INFO] [stdout] 
[INFO] [stdout] error[E0412]: cannot find type `HyperClient` in this scope
[INFO] [stdout]  --> src/server/mod.rs:7:26
[INFO] [stdout]   |
[INFO] [stdout] 7 | pub(crate) type Client = HyperClient<HttpsConnector<HttpConnector>>;
[INFO] [stdout]   |                          ^^^^^^^^^^^ not found in this scope
[INFO] [stdout] 
[INFO] [stdout] 
[INFO] [stdout] error[E0412]: cannot find type `HttpsConnector` in this scope
[INFO] [stdout]  --> src/server/mod.rs:7:38
[INFO] [stdout]   |
[INFO] [stdout] 7 | pub(crate) type Client = HyperClient<HttpsConnector<HttpConnector>>;
[INFO] [stdout]   |                                      ^^^^^^^^^^^^^^ not found in this scope
[INFO] [stdout] 
[INFO] [stdout] 
[INFO] [stdout] error[E0412]: cannot find type `HttpConnector` in this scope
[INFO] [stdout]  --> src/server/mod.rs:7:53
[INFO] [stdout]   |
[INFO] [stdout] 7 | pub(crate) type Client = HyperClient<HttpsConnector<HttpConnector>>;
[INFO] [stdout]   |                       -                             ^^^^^^^^^^^^^ not found in this scope
[INFO] [stdout]   |                       |
[INFO] [stdout]   |                       help: you might be missing a type parameter: `<HttpConnector>`
[INFO] [stdout] 
[INFO] [stdout] 
[INFO] [stdout] error[E0412]: cannot find type `Body` in this scope
[INFO] [stdout]   --> src/server/mod.rs:23:42
[INFO] [stdout]    |
[INFO] [stdout] 23 |     Ok(HyperClient::builder().build::<_, Body>(connector))
[INFO] [stdout]    |                                          ^^^^ not found in this scope
[INFO] [stdout]    |
[INFO] [stdout] help: there is an enum variant `crate::stream::channel::mpsc::thread::thread::env::os_imp::path::State::Body`; try using the variant's enum
[INFO] [stdout]    |
[INFO] [stdout] 23 |     Ok(HyperClient::builder().build::<_, crate::stream::channel::mpsc::thread::thread::env::os_imp::path::State>(connector))
[INFO] [stdout]    |                                          ^^^^^^^^^^^^^^^^^^^^^^^^^^^^^^^^^^^^^^^^^^^^^^^^^^^^^^^^^^^^^^^^^^^^^^
[INFO] [stdout] help: you might be missing a type parameter
[INFO] [stdout]    |
[INFO] [stdout] 20 | fn new_https_client<Body>() -> Result<Client, hyper_tls::Error> {
[INFO] [stdout]    |                    ^^^^^^
[INFO] [stdout] 
[INFO] [stdout] 
[INFO] [stdout] warning: unnecessary parentheses around type
[INFO] [stdout]  --> src/server/endpoints/mod.rs:6:48
[INFO] [stdout]   |
[INFO] [stdout] 6 | pub(crate) fn index() -> impl Filter<Extract = (impl Reply), Error = Rejection> + Copy {
[INFO] [stdout]   |                                                ^^^^^^^^^^^^ help: remove these parentheses
[INFO] [stdout]   |
[INFO] [stdout]   = note: `#[warn(unused_parens)]` on by default
[INFO] [stdout] 
[INFO] [stdout] 
[INFO] [stdout] error[E0412]: cannot find type `HyperClient` in this scope
[INFO] [stdout]  --> src/server/mod.rs:7:26
[INFO] [stdout]   |
[INFO] [stdout] 7 | pub(crate) type Client = HyperClient<HttpsConnector<HttpConnector>>;
[INFO] [stdout]   |                          ^^^^^^^^^^^ not found in this scope
[INFO] [stdout] 
[INFO] [stdout] 
[INFO] [stdout] error[E0412]: cannot find type `HttpsConnector` in this scope
[INFO] [stdout]  --> src/server/mod.rs:7:38
[INFO] [stdout]   |
[INFO] [stdout] 7 | pub(crate) type Client = HyperClient<HttpsConnector<HttpConnector>>;
[INFO] [stdout]   |                                      ^^^^^^^^^^^^^^ not found in this scope
[INFO] [stdout] 
[INFO] [stdout] 
[INFO] [stdout] error[E0412]: cannot find type `HttpConnector` in this scope
[INFO] [stdout]  --> src/server/mod.rs:7:53
[INFO] [stdout]   |
[INFO] [stdout] 7 | pub(crate) type Client = HyperClient<HttpsConnector<HttpConnector>>;
[INFO] [stdout]   |                       -                             ^^^^^^^^^^^^^ not found in this scope
[INFO] [stdout]   |                       |
[INFO] [stdout]   |                       help: you might be missing a type parameter: `<HttpConnector>`
[INFO] [stdout] 
[INFO] [stdout] 
[INFO] [stdout] error[E0412]: cannot find type `Body` in this scope
[INFO] [stdout]   --> src/server/mod.rs:23:42
[INFO] [stdout]    |
[INFO] [stdout] 23 |     Ok(HyperClient::builder().build::<_, Body>(connector))
[INFO] [stdout]    |                                          ^^^^ not found in this scope
[INFO] [stdout]    |
[INFO] [stdout] help: there is an enum variant `crate::stream::channel::mpsc::thread::thread::env::os_imp::path::State::Body`; try using the variant's enum
[INFO] [stdout]    |
[INFO] [stdout] 23 |     Ok(HyperClient::builder().build::<_, crate::stream::channel::mpsc::thread::thread::env::os_imp::path::State>(connector))
[INFO] [stdout]    |                                          ^^^^^^^^^^^^^^^^^^^^^^^^^^^^^^^^^^^^^^^^^^^^^^^^^^^^^^^^^^^^^^^^^^^^^^
[INFO] [stdout] help: you might be missing a type parameter
[INFO] [stdout]    |
[INFO] [stdout] 20 | fn new_https_client<Body>() -> Result<Client, hyper_tls::Error> {
[INFO] [stdout]    |                    ^^^^^^
[INFO] [stdout] 
[INFO] [stdout] 
[INFO] [stdout] warning: unnecessary parentheses around type
[INFO] [stdout]  --> src/server/endpoints/mod.rs:6:48
[INFO] [stdout]   |
[INFO] [stdout] 6 | pub(crate) fn index() -> impl Filter<Extract = (impl Reply), Error = Rejection> + Copy {
[INFO] [stdout]   |                                                ^^^^^^^^^^^^ help: remove these parentheses
[INFO] [stdout]   |
[INFO] [stdout]   = note: `#[warn(unused_parens)]` on by default
[INFO] [stdout] 
[INFO] [stdout] 
[INFO] [stdout] error: aborting due to 7 previous errors; 1 warning emitted
[INFO] [stdout] 
[INFO] [stdout] 
[INFO] [stdout] Some errors have detailed explanations: E0412, E0433.
[INFO] [stdout] 
[INFO] [stdout] For more information about an error, try `rustc --explain E0412`.
[INFO] [stdout] 
[INFO] [stderr] error: could not compile `snowflake`.
[INFO] [stderr] 
[INFO] [stderr] To learn more, run the command again with --verbose.
[INFO] [stderr] warning: build failed, waiting for other jobs to finish...
[INFO] [stdout] error: aborting due to 7 previous errors; 1 warning emitted
[INFO] [stdout] 
[INFO] [stdout] 
[INFO] [stdout] Some errors have detailed explanations: E0412, E0433.
[INFO] [stdout] 
[INFO] [stdout] For more information about an error, try `rustc --explain E0412`.
[INFO] [stdout] 
[INFO] [stderr] error: build failed
[INFO] running `Command { std: "docker" "inspect" "382659f2385d74004b7040ba13c39efd4b27e9fac53e528eb93773f0c572420f", kill_on_drop: false }`
[INFO] running `Command { std: "docker" "rm" "-f" "382659f2385d74004b7040ba13c39efd4b27e9fac53e528eb93773f0c572420f", kill_on_drop: false }`
[INFO] [stdout] 382659f2385d74004b7040ba13c39efd4b27e9fac53e528eb93773f0c572420f
